are the prime factors of 82011?
3, 27337
List the prime factors of 5816350.
2, 5, 61, 1907
What are the prime factors of 350856?
2, 3, 11, 443
List the prime factors of 1003206.
2, 3, 61, 2741
List the prime factors of 134202.
2, 3, 22367
List the prime factors of 8638817.
11, 785347
What are the prime factors of 21078552?
2, 3, 11, 79843
List the prime factors of 3732937.
13, 287149
What are the prime factors of 1585404?
2, 3, 47, 937
What are the prime factors of 176283?
3, 6529
What are the prime factors of 41074?
2, 11, 1867
List the prime factors of 1198075.
5, 17, 2819
What are the prime factors of 16570946?
2, 7, 683, 1733
List the prime factors of 1917190.
2, 5, 11, 29, 601
List the prime factors of 1777972.
2, 7, 63499
What are the prime factors of 8186828?
2, 13, 313, 503
List the prime factors of 20921846.
2, 11, 950993
List the prime factors of 248080.
2, 5, 7, 443
List the prime factors of 15848287.
7, 13, 174157
What are the prime factors of 150492?
2, 3, 12541
List the prime factors of 542400.
2, 3, 5, 113
What are the prime factors of 275010?
2, 3, 5, 89, 103
What are the prime factors of 183648?
2, 3, 1913
List the prime factors of 1624964.
2, 11, 36931
List the prime factors of 595633.
223, 2671
List the prime factors of 4666389.
3, 7, 13, 17093
List the prime factors of 874616.
2, 17, 59, 109
What are the prime factors of 3096878?
2, 71, 113, 193
What are the prime factors of 2927344?
2, 7, 59, 443
List the prime factors of 8484.
2, 3, 7, 101
What are the prime factors of 6047384?
2, 7, 15427
List the prime factors of 92357.
92357
What are the prime factors of 690877?
11, 181, 347
List the prime factors of 7516043.
31, 242453
What are the prime factors of 78212?
2, 19553
List the prime factors of 1901984.
2, 7, 1213
List the prime factors of 12744627.
3, 7, 31, 19577
List the prime factors of 884015.
5, 11, 16073
List the prime factors of 810146.
2, 405073
What are the prime factors of 2439288?
2, 3, 23, 491
What are the prime factors of 611141?
47, 13003
List the prime factors of 14936643.
3, 61, 3023
List the prime factors of 648770.
2, 5, 64877
List the prime factors of 18745490.
2, 5, 1874549
List the prime factors of 2094368.
2, 65449
What are the prime factors of 16465660?
2, 5, 823283
What are the prime factors of 1641455?
5, 328291
What are the prime factors of 20799851?
19, 197, 5557
List the prime factors of 228117.
3, 76039
List the prime factors of 143360.
2, 5, 7
What are the prime factors of 12370608?
2, 3, 271, 317
List the prime factors of 11722131.
3, 137, 3169
List the prime factors of 197104.
2, 97, 127
List the prime factors of 1520895.
3, 5, 41, 2473
What are the prime factors of 560247?
3, 43, 101
What are the prime factors of 3309849?
3, 17, 7211
List the prime factors of 9763941.
3, 11, 295877
List the prime factors of 26389564.
2, 71, 92921
What are the prime factors of 9574616?
2, 1091, 1097
What are the prime factors of 7092961?
17, 223, 1871
List the prime factors of 163761.
3, 13, 17, 19
What are the prime factors of 9126468?
2, 3, 13, 19501
What are the prime factors of 2607351?
3, 19, 149, 307
List the prime factors of 202127.
202127
What are the prime factors of 4002084?
2, 3, 19, 5851
What are the prime factors of 2181359?
2181359
What are the prime factors of 7408603?
7408603
List the prime factors of 338517.
3, 29, 1297
List the prime factors of 12331742.
2, 79, 78049
List the prime factors of 4479841.
31, 144511
List the prime factors of 16873177.
467, 36131
List the prime factors of 2887323.
3, 962441
List the prime factors of 5449081.
11, 495371
What are the prime factors of 275880?
2, 3, 5, 11, 19
List the prime factors of 128436.
2, 3, 7, 11, 139
What are the prime factors of 162220?
2, 5, 8111
List the prime factors of 39934.
2, 41, 487
List the prime factors of 1539533.
37, 41609
What are the prime factors of 1706658?
2, 3, 61, 4663
What are the prime factors of 10472037?
3, 179, 19501
List the prime factors of 8728560.
2, 3, 5, 449
List the prime factors of 418945.
5, 23, 3643
What are the prime factors of 2909584?
2, 17, 19, 563
What are the prime factors of 70999?
70999
What are the prime factors of 306566?
2, 13, 907
List the prime factors of 269271.
3, 9973
List the prime factors of 220590.
2, 3, 5, 19, 43
List the prime factors of 561331.
41, 13691
What are the prime factors of 435323?
7, 62189
What are the prime factors of 78469?
131, 599
What are the prime factors of 2195621?
19, 73, 1583
List the prime factors of 585307.
29, 20183
List the prime factors of 521601.
3, 173867
List the prime factors of 927114.
2, 3, 191, 809
List the prime factors of 2969229.
3, 989743
What are the prime factors of 661470?
2, 3, 5, 17, 1297
What are the prime factors of 2150629?
13, 19, 8707
What are the prime factors of 1164685?
5, 232937
What are the prime factors of 163892?
2, 40973
What are the prime factors of 20127?
3, 6709
List the prime factors of 1009925.
5, 7, 29, 199
List the prime factors of 3336565.
5, 79, 8447
What are the prime factors of 209831?
17, 12343
What are the prime factors of 30107148?
2, 3, 2508929
List the prime factors of 4357284.
2, 3, 331, 1097
What are the prime factors of 36316?
2, 7, 1297
List the prime factors of 4543221.
3, 1514407
List the prime factors of 165943.
31, 53, 101
What are the prime factors of 10248359?
11, 59, 15791
List the prime factors of 255483.
3, 28387
What are the prime factors of 82588?
2, 11, 1877
List the prime factors of 1431251.
19, 75329
List the prime factors of 5573237.
5573237
List the prime factors of 8250408.
2, 3, 19, 37, 163
What are the prime factors of 7786193?
277, 28109
What are the prime factors of 9732579?
3, 19, 73, 2339
What are the prime factors of 117059?
19, 61, 101
What are the prime factors of 1351925?
5, 17, 3181
What are the prime factors of 21763843?
71, 306533
What are the prime factors of 350046?
2, 3, 19447
List the prime factors of 203669.
203669
List the prime factors of 640117.
29, 22073
What are the prime factors of 23488589?
23, 1021243
List the prime factors of 6487364.
2, 13, 73, 1709
What are the prime factors of 145226?
2, 72613
What are the prime factors of 30915709?
11, 1571, 1789
List the prime factors of 10731669.
3, 13, 61, 347
List the prime factors of 16288911.
3, 421, 1433
List the prime factors of 6444929.
523, 12323
List the prime factors of 245952.
2, 3, 7, 61
List the prime factors of 86179.
86179
What are the prime factors of 5737151?
7, 819593
What are the prime factors of 883590?
2, 3, 5, 29453
What are the prime factors of 6046225?
5, 73, 3313
List the prime factors of 448789.
11, 3709
What are the prime factors of 152996?
2, 23, 1663
What are the prime factors of 3432615?
3, 5, 228841
List the prime factors of 1179881.
19, 62099
List the prime factors of 6689412.
2, 3, 23, 2693
List the prime factors of 1131251.
11, 102841
List the prime factors of 124394.
2, 37, 41
List the prime factors of 550738.
2, 509, 541
What are the prime factors of 582638?
2, 7, 41617
List the prime factors of 27499.
107, 257
List the prime factors of 316211.
7, 199, 227
List the prime factors of 11936.
2, 373
List the prime factors of 4585395.
3, 5, 23, 13291
List the prime factors of 618143.
59, 10477
List the prime factors of 595201.
595201
What are the prime factors of 513624?
2, 3, 21401
What are the prime factors of 66043?
211, 313
What are the prime factors of 4891405?
5, 127, 7703
What are the prime factors of 34900?
2, 5, 349
List the prime factors of 9932.
2, 13, 191
List the prime factors of 219750.
2, 3, 5, 293
What are the prime factors of 519068?
2, 11, 47, 251
List the prime factors of 1149910.
2, 5, 59, 1949
What are the prime factors of 5911260?
2, 3, 5, 83, 1187
List the prime factors of 4990715.
5, 61, 16363
List the prime factors of 6628195.
5, 7, 189377
List the prime factors of 19274808.
2, 3, 7, 31, 3701
List the prime factors of 82123.
41, 2003
List the prime factors of 228797.
228797
What are the prime factors of 168630?
2, 3, 5, 7, 11, 73
What are the prime factors of 1326846?
2, 3, 19, 103, 113
List the prime factors of 14010495.
3, 5, 934033
List the prime factors of 519250.
2, 5, 31, 67
What are the prime factors of 8940768?
2, 3, 93133
List the prime factors of 9493826.
2,